
Suppose -4*q + 4*s + 7112 = 0, 0 = q - 161*s + 163*s - 1790. Calculate the greatest common divisor of q and 567.
81
Let t(k) = -k**2 - 74*k + 3971. Let w be t(-110). Calculate the greatest common divisor of 19558 and w.
11
Suppose -208*k + 202*k + 204 = 0. Let b be k/204 + (-886)/(-12). What is the highest common divisor of b and 74?
74
Suppose 89*j + 82*j - 70777 - 13355 = 0. What is the highest common divisor of j and 252?
12
Let r(k) = 2*k**2 - 23*k + 192. Let t be r(24). What is the highest common divisor of 2 and t?
2
Suppose -4*y + 183 = y + w, 0 = -4*y - 2*w + 150. Let d be (-2)/(-12) + 3/(y/2326). Let o be 1/(2 + d/(-98)). What is the highest common divisor of 49 and o?
49
Let c(x) = x**3 + 13*x**2 - 28*x - 104. Suppose 185 = -14*r - 11. Let g be c(r). What is the highest common divisor of 138 and g?
46
Let i be -4 - (4 - (-96)/(-20))/(12/9510). Calculate the highest common factor of i and 336.
42
Suppose -2*b - 62 = 106. Let x be (-126)/b*(-1)/1*2. Let h(i) = -6*i - 7. Let u be h(x). Calculate the greatest common divisor of 33 and u.
11
Let o(i) = 17*i - 7. Let x be (2*1)/((-58)/(-29)). Let t be o(x). Calculate the highest common divisor of t and 80.
10
Let v(a) = -4 - 7*a + 18*a - 4*a + 2*a. Let t be v(-2). Let x be t*(260/(-8))/5. Calculate the greatest common factor of 22 and x.
11
Suppose 27 = -5*u + 207. Let x be (98430/(-12))/(-17) - (-1)/(-2). Let j = x - 470. What is the greatest common factor of j and u?
12
Let n = -222 + 222. Suppose -7*x + 733 - 187 = n. What is the greatest common divisor of x and 273?
39
Let q(a) = -a**2 - a + 242. Let j be q(15). Suppose 92 = z + j*g, 6*g = -5*z + 3*g + 495. Calculate the highest common factor of 136 and z.
34
Let d = -646 + 760. What is the highest common factor of d and 2034?
6
Let u(d) = 8*d**2 - 24*d + 25. Let m be u(1). Let h(b) = b**2 + 4*b - 111. Let x be h(m). Calculate the greatest common divisor of 246 and x.
6
Suppose 22*r - 287*r + 12720 = 0. Let k(j) = -79*j**3 + j**2 + j + 1. Let q be k(-1). What is the greatest common divisor of q and r?
16
Let q(u) = 8*u**2 + 6*u + 4. Let i = 71 - 70. Let a(x) = x + 1. Let d(z) = i*q(z) - 5*a(z). Let l be d(1). Calculate the greatest common factor of l and 24.
8
Suppose -60 = -19*t + 4*t. Let y be t + 0/1 - -28. Suppose -7*w + y = -3*w. Calculate the greatest common factor of 4 and w.
4
Suppose -o = 5*m - 73, -5*m = -4*o + 25 - 108. What is the greatest common factor of m and 573?
3
Suppose -p = 5*g, 5*p + 3*g - 48 = 18. Suppose 4*v - 54 = a, -4*v + 44 = -11*a + p*a. Calculate the greatest common factor of 130 and v.
13
Let n(y) = -3990*y + 123. Let d be n(-7). Calculate the highest common factor of 27 and d.
27
Suppose -75*j + 54*j + 924 = 0. Calculate the greatest common divisor of 2090 and j.
22
Suppose 0 = 4*x - 3*q - 28, -3*x + 4*q = -0*x - 28. Suppose -w + 2*f = -15, -x*w + 4*f + 88 = 3*f. What is the greatest common factor of 736 and w?
23
Let r = 210 - 208. Let s be (-1)/((-4 + (r - -4))/(-6)). Calculate the greatest common factor of s and 51.
3
Let d = 16343 + -9449. Suppose 157 + 59 = 3*y. Let i be d/y - 1/(-4). Calculate the greatest common divisor of 12 and i.
12
Let w(o) = 2*o**2 + 11*o - 28. Let x be w(2). Suppose -x*m + 84 = -4*j, 2*j - 3*j = 5*m - 188. What is the greatest common divisor of m and 1026?
38
Suppose 0 = -l - 4, 0 = -3*c - 4*l + 271 + 121. Let h(n) = -n**3 + 19*n**2 + 43*n - 5. Let m be h(21). Calculate the greatest common divisor of c and m.
8
Suppose -y + 16*i - 20*i - 7 = 0, -4*i = -5*y - 83. Let a be (10 - y)/((-1)/(-28)). What is the greatest common divisor of 28 and a?
28
Let c(b) = -4293*b**2 - 40*b - 19. Let u be c(11). Let o be -2*(-2)/(-14) - u/812. Calculate the greatest common factor of 5 and o.
5
Let y(i) = -i**3 + 17*i**2 + i - 1. Let k be y(17). Let q(s) = -s**2 + 14*s + 34. Let m be q(k). Calculate the greatest common factor of 11 and m.
1
Let f(s) = 2*s**2 + 22*s + 3. Let r be f(-11). Suppose 43 = -r*t + 811. Calculate the greatest common factor of t and 16.
16
Let n be -1 + 658995/18 - (-38)/228. Calculate the greatest common factor of n and 70.
70
Suppose 4*x + x = -3*g + 245, -5*g + 399 = -x. Suppose 0 = -19*v - v + g. What is the highest common divisor of 68 and v?
4
Suppose 4*w + x = 293 + 26, 2*w = -2*x + 164. What is the greatest common factor of 1 and w?
1
Let h(j) = j**3 - 6*j**2 - j - 12. Let m be h(6). Let g = m - -12. Let c(o) = -11*o - 4. Let u be c(g). What is the greatest common factor of 93 and u?
31
Let h = 2 + 2. Suppose -4*p + 0*p - 3*b = -49, 4*p + 2*b - 50 = 0. Suppose -7*s + 2*s - g + 21 = 0, g - p = -3*s. What is the highest common divisor of s and h?
4
Suppose 585*b - 581*b = 0. Suppose b = 21*k - 79*k + 2088. Calculate the greatest common divisor of k and 336.
12
Suppose 0 = 45*h + 50*h - 22*h - 7519. Calculate the highest common factor of h and 23999.
103
Let q = 26 - 12. Let d = 21238 - 20972. What is the highest common factor of d and q?
14
Suppose -8*c = -2*c - 48. Let h be ((-188)/c)/((-1)/2). Suppose 2*b = -10, y - 344 = 4*b - b. What is the greatest common divisor of h and y?
47
Let c be -2 + (-6 - -9) + 4/2. Let d be (1 - (-445)/c)*12/8. Calculate the greatest common factor of 14 and d.
14
Let a = -176 + 180. Suppose -a*i - 30 = -54. Let t = -23 - -32. What is the greatest common divisor of i and t?
3
Suppose k = -2*h + 5*k - 234, 147 = -h - 4*k. Let u = h + 138. Calculate the greatest common factor of u and 143.
11
Suppose -13 = -2*v - b, 10 - 38 = -4*v - 4*b. Let x be 17 + 0*2/v. Let m = 7237 - 7220. Calculate the highest common divisor of m and x.
17
Suppose -145 = 8*a - 503 - 338. What is the greatest common factor of 2523 and a?
87
Suppose -20*r + 13*r = -35. Suppose d - r*y = 358, 2*d - 416 = -3*y + 352. Let p be 3/6 - (-166)/4. Calculate the greatest common factor of p and d.
42
Let y(f) = 17*f**2 + 3*f + 1. Suppose 3*j = -i, i = 4*j - i. Suppose j*k - 12 = 3*k. Let m be y(k). What is the greatest common divisor of 29 and m?
29
Let i(t) = -10*t + 16. Let m be i(2). Let h be 0/m - -20*(-1 + 2). Calculate the highest common divisor of h and 260.
20
Let o = -12230 - -12264. What is the greatest common divisor of 12784 and o?
34
Let x be (420084/(-189))/(8/(-18)). Suppose -x = -15*r + 4539. What is the greatest common factor of r and 12?
12
Let p = -472 + 1558. What is the highest common factor of 24 and p?
6
Let v(j) = -2*j**3 - 4*j**2 - 5. Let c be v(-5). Suppose 5*u + 66*f - 61*f = -680, -5*f = 10. Let r = c - u. Calculate the highest common divisor of r and 31.
31
Let d be ((-52)/10)/(11/55). Let p = 40 + d. Suppose 0 = -c - 4*n + p, -2*c + 5*c - 3*n = -3. What is the greatest common divisor of c and 1?
1
Let p = -539 - -626. Suppose -a + p = 42. Let f be 16 + 0/(-1) + 2. Calculate the highest common divisor of f and a.
9
Let a = -27922 - -28558. Calculate the greatest common divisor of a and 15052.
212
Suppose -37761*p = -37739*p - 110. What is the highest common factor of 1685 and p?
5
Suppose 0 = -51*k + 39447 + 31545. Calculate the greatest common factor of k and 1.
1
Let q be (-1426)/(-115)*35*(0 - (-1)/2). What is the greatest common factor of q and 24521?
217
Let i(v) = 404*v - 613. Let y be i(4). Calculate the greatest common divisor of y and 17.
17
Let m = -5980 + 17868. Calculate the highest common divisor of 16 and m.
16
Let h be -11 - (327/(-763) - (-344)/(-14)). Let i be -1 + -1 + -1 + 5. Calculate the greatest common factor of h and i.
2
Let u be (-2 - 2*-61)*(28 + -26 - -2). Calculate the greatest common factor of 180 and u.
60
Suppose -2*o = 2*r - 560, 5*o - o = -r + 1141. Calculate the highest common factor of o and 779.
41
Suppose 0 = 4*r - 3*j + 7*j - 20, -j - 1 = 0. Suppose r*m + 108 = 10*m. Calculate the greatest common factor of m and 3.
3
Let o be ((-675)/10)/(15/(-240)). Calculate the greatest common factor of 330 and o.
30
Let v be -13 + (712 - (9 + -20)). What is the highest common factor of 170 and v?
10
Suppose 41*o - 36*o - 5 = 0. Suppose o - 13 = -4*s. Suppose 0 = -c - 10 + 37. Calculate the greatest common factor of c and s.
3
Let u(y) = 526*y + 61582. Let x be u(-117). Suppose 5*f - 50 = 30. Calculate the highest common divisor of x and f.
8
Suppose 57 = 6*k - 231. Let d be k - (0 + (-10)/15*-6). What is the greatest